?
141044
In base 12, what is 48a87 + -b?
48a78
In base 2, what is -101 + 110001111011000110?
110001111011000001
In base 10, what is 4 - 100921?
-100917
In base 14, what is 1cb57 - -1?
1cb58
In base 12, what is 33 + 1a69?
1aa0
In base 5, what is -41 + 2042?
2001
In base 5, what is 4 + -2223032?
-2223023
In base 9, what is 11433 - 0?
11433
In base 12, what is 415 + 22?
437
In base 2, what is -1100 + 100101011110010?
100101011100110
In base 5, what is -10 - 111304?
-111314
In base 8, what is -13304652 - 4?
-13304656
In base 6, what is -5 + -14321300?
-14321305
In base 15, what is -10 + -12d8b?
-12d9b
In base 3, what is 0 + 121110221200?
121110221200
In base 10, what is 3 - 9348?
-9345
In base 8, what is 21263352 + 0?
21263352
In base 11, what is 1818 - 145?
1683
In base 10, what is -42 - 38?
-80
In base 3, what is 11 + -212011211111?
-212011211100
In base 3, what is 0 + -1022020221?
-1022020221
In base 15, what is 4e7 + 9?
501
In base 4, what is -3013130212 - 3?
-3013130221
In base 10, what is -11 - -13573?
13562
In base 10, what is -5 + 253862?
253857
In base 5, what is 0 - 23244312?
-23244312
In base 2, what is 10000111000111011001 - 11?
10000111000111010110
In base 4, what is 11000 + 20?
11020
In base 6, what is -1345 - 4112?
-5501
In base 5, what is 10 + 41311141?
41311201
In base 10, what is 4316 + -44?
4272
In base 7, what is -4 + 110601?
110564
In base 14, what is -24d1 - 5?
-24d6
In base 3, what is -2111 + -200?
-10011
In base 15, what is 1d6a + 53?
1dbd
In base 10, what is 0 - 9776?
-9776
In base 2, what is -110111100111 - -11101?
-110111001010
In base 10, what is 572 + 5348?
5920
In base 16, what is 4 - 6c28b?
-6c287
In base 15, what is 4 + db52?
db56
In base 2, what is 1010 + -1110011011?
-1110010001
In base 12, what is -193 - 40?
-213
In base 12, what is 0 - -366?
366
In base 7, what is -4512 - -20?
-4462
In base 8, what is 7051 + 350?
7421
In base 3, what is -12200102 - 11?
-12200120
In base 6, what is -4 + -45100?
-45104
In base 6, what is -1144410 - 303?
-1145113
In base 5, what is -1141140 + -2010?
-1143200
In base 14, what is -68b17 - -1?
-68b16
In base 2, what is -10000101111 + -10101111101?
-100110101100
In base 2, what is 11 - -110110001111?
110110010010
In base 15, what is 4d - -482e?
487c
In base 11, what is -2 - 4679?
-4680
In base 2, what is 10100001000110 - -100?
10100001001010
In base 5, what is -10 - -2201102?
2201042
In base 10, what is 67 - -394?
461
In base 2, what is 11100100100111 - 1000011?
11100011100100
In base 16, what is a7 - -2893?
293a
In base 9, what is 72 + 4142?
4224
In base 2, what is 11101111011 + -11001?
11101100010
In base 2, what is 101110110 - -10001000?
111111110
In base 9, what is -3081 - -11?
-3070
In base 10, what is -37 - 719?
-756
In base 13, what is 5 - 158cb?
-158c6
In base 4, what is -33 - 122111002?
-122111101
In base 4, what is 10030032 - -21?
10030113
In base 8, what is 1172 + -4?
1166
In base 11, what is 3388 + -683?
2805
In base 6, what is 440 + 355531?
400411
In base 9, what is -17 - -7242?
7224
In base 6, what is 44150405 + 0?
44150405
In base 2, what is -1000 - -1111100111100?
1111100110100
In base 14, what is -d490 - 1?
-d491
In base 16, what is a - 2cc?
-2c2
In base 14, what is cd - -a6?
195
In base 11, what is 4 - 530?
-527
In base 4, what is 3 + -2310302?
-2310233
In base 15, what is 0 - 5326?
-5326
In base 11, what is 11 + a2725?
a2736
In base 15, what is 5 - -2b12?
2b17
In base 11, what is 1484a77 - 2?
1484a75
In base 6, what is -1 + 22425345?
22425344
In base 6, what is 12 - -21104112?
21104124
In base 8, what is 4515 + 1224?
5741
In base 16, what is -1b1 + -4?
-1b5
In base 4, what is -2232221 + -1302?
-2300123
In base 9, what is -56 - 872?
-1038
In base 15, what is -33e - -2d?
-311
In base 10, what is 5 - 9026?
-9021
In base 7, what is 211 - -3042?
3253
In base 9, what is -10120 - -18?
-10101
In base 13, what is -6a + 2bb?
251
In base 2, what is -11001000110 - -101?
-11001000001
In base 14, what is 3 - 9d40?
-9d3b
In base 13, what is 255a - 203?
2357
In base 3, what is 2001121221 + 1011?
2001200002
In base 12, what is 3 - -3324?
3327
In base 10, what is 251 - 336?
-85
In base 15, what is -135b8 - -3?
-135b5
In base 15, what is -27 + 485?
45d
In base 4, what is 3 + -10002231?
-10002222
In base 5, what is -1041414304 - 1?
-1041414310
In base 9, what is 255266 - 5?
255261
In base 14, what is 4d20b + 5?
4d212
In base 13, what is -4 + -13cc6?
-13cca
In base 6, what is -5 - -233454?
233445
In base 10, what is 945 + 1242?
2187
In base 16, what is 386 - -28?
3ae
In base 2, what is -11101010101111010 - -1?
-11101010101111001
In base 4, what is -102 - 12122320?
-12123022
In base 9, what is -6654 + -3?
-6657
In base 6, what is -12011 - -351?
-11220
In base 7, what is 1234 - -10154?
11421
In base 15, what is -89 - -6ee?
665
In base 14, what is 0 + -491a?
-491a
In base 10, what is -4443 - 312?
-4755
In base 11, what is 4 + 14890?
14894
In base 12, what is 1 - -14688b?
146890
In base 16, what is -e59 + -59?
-eb2
In base 12, what is -1 - 6037?
-6038
In base 8, what is -24 + -63411?
-63435
In base 10, what is -152 + -2477?
-2629
In base 8, what is 3 - 25464?
-25461
In base 10, what is -2036799 + -4?
-2036803
In base 14, what is -1 + -1335a?
-1335b
In base 7, what is -42 - -5064?
5022
In base 8, what is -251264 + -7?
-251273
In base 9, what is -345 - 563?
-1018
In base 2, what is 1 + 110001000000?
110001000001
In base 10, what is -50 + -6938?
-6988
In base 14, what is 2 + -ba158?
-ba156
In base 14, what is 0 - -6559b?
6559b
In base 12, what is 1 + 9263?
9264
In base 12, what is -1 + 219944?
219943
In base 15, what is 570 - -4?
574
In base 9, what is -346653 - 3?
-346656
In base 12, what is -3 + 1307a?
13077
In base 9, what is 35614 + 2?
35616
In base 5, what is 11 + 2314233?
2314244
In base 16, what is 0 + 4c8d?
4c8d
In base 11, what is -7 - 1a48?
-1a54
In base 4, what is 2 - 10202002202?
-10202002200
In base 16, what is -9c + 1ab4?
1a18
In base 7, what is -2 - 401023?
-401025
In base 14, what is 68 + -35a?
-2d2
In base 10, what is -35 - 14072?
-14107
In base 13, what is -98bb + b?
-98b0
In base 6, what is 33143 - -42?
33225
In base 9, what is -615310 + -5?
-615315
In base 16, what is -a48 - 6?
-a4e
In base 4, what is -1111 + 11301212?
11300101
In base 16, what is 55 - -fb?
150
In base 11, what is 18 + -9611a?
-96102
In base 11, what is 3 + 200247?
20024a
In base 7, what is -4 + -1240023?
-1240030
In base 14, what is -15a - -b0?
-8a
In base 5, what is -10001 + -113?
-10114
In base 6, what is -34 - -3303?
3225
In base 10, what is 298 + 9956?
10254
In base 3, what is 12010000121 + -2001?
12002221120
In base 11, what is -133 - -73?
-70
In base 2, what is -1000000 + 1110100101?
1101100101
In base 8, what is -153155 - -1?
-153154
In base 12, what is 13 + 6aa5?
6ab8
In base 9, what is -5 + 24666?
24661
In base 5, what is 124 - 33123?
-32444
In base 10, what is 16902 + 2?
16904
In base 5, what is 2 + -13120143?
-13120141
In base 10, what is 707844 + -5?
707839
In base 8, what is -67434 - 2?
-67436
In base 12, what is 6 - -3ab0?
3ab6
In base 7, what is 1 + 34611?
34612
In base 10, what is -2036 - -215?
-1821
In base 10, what is 4 + 1992?
1996
In base 16, what is -17e3d + -5?
-17e42
In base 12, what is -4341 - 6?
-4347
In base 6, what is -1430 - -1204?
-222
In base 10, what is -4 - 146737?
-146741
In base 6, what is 30 - 2344?
-2314
In base 2, what is 11011110001 + 1001101?
11100111110
In base 16, what is -20f120 - 3?
-20f123
In base 14, what is 2c + 216a?
2198
In base 13, what is b + 8416?
8424
In base 5, what is -1340341 - -2?
-1340334
In base 6, what is -1410 + 5443?
4033
In base 15, what is 2 - -76145?
76147
In base 9, what is 1663 + 5?
1668
In base 10, what is -157 + -342?
-499
In base 8, what is -113 - 23?
-136
In base 3, what is -12011 + -1210022?
-1222110
In base 16, what is -9 - -145b6?
145ad
In base 10, what is -5438 + 24?
-5414
In base 2, what is -100011011100010101 + 0?
-100011011100010101
In base 8, what is -1162 - 15353?
-16535
In base 8, what is 261 - -104?
365
In base 8, what is 26 + 171556?
171604
In base 13, what is bbc83 - 8?
bbc78
In base 12, what is 9a - 2b7?
-219
In base 14, what is -3397c5 - 4?
-3397c9
In base 13, what is 4 + 40687?
4068b
In base 4, what is 30 - -201012013